What are the prime factors of 2557?
2557
What are the prime factors of 72420?
2, 3, 5, 17, 71
List the prime factors of 2390.
2, 5, 239
What are the prime factors of 117315?
3, 5, 11, 79
List the prime factors of 7730.
2, 5, 773
What are the prime factors of 31701?
3, 10567
List the prime factors of 51072.
2, 3, 7, 19
List the prime factors of 4974.
2, 3, 829
What are the prime factors of 5589?
3, 23
List the prime factors of 3174.
2, 3, 23
What are the prime factors of 1215?
3, 5
What are the prime factors of 2207?
2207
List the prime factors of 500.
2, 5
List the prime factors of 63543.
3, 59, 359
List the prime factors of 89295.
3, 5, 5953
List the prime factors of 23227.
23227
List the prime factors of 4013.
4013
List the prime factors of 44067.
3, 37, 397
What are the prime factors of 4189?
59, 71
List the prime factors of 25047.
3, 11, 23
List the prime factors of 18772.
2, 13, 19
List the prime factors of 8180.
2, 5, 409
List the prime factors of 80961.
3, 26987
What are the prime factors of 104172?
2, 3, 8681
What are the prime factors of 715?
5, 11, 13
What are the prime factors of 4002?
2, 3, 23, 29
What are the prime factors of 36437?
83, 439
List the prime factors of 2230.
2, 5, 223
List the prime factors of 940.
2, 5, 47
What are the prime factors of 4617?
3, 19
List the prime factors of 26809.
17, 19, 83
What are the prime factors of 78000?
2, 3, 5, 13
What are the prime factors of 4728?
2, 3, 197
List the prime factors of 4048.
2, 11, 23
List the prime factors of 12592.
2, 787
List the prime factors of 5606.
2, 2803
What are the prime factors of 96528?
2, 3, 2011
What are the prime factors of 3595?
5, 719
List the prime factors of 1802.
2, 17, 53
What are the prime factors of 2166?
2, 3, 19
List the prime factors of 8533.
7, 23, 53
List the prime factors of 21369.
3, 17, 419
What are the prime factors of 73826?
2, 36913
List the prime factors of 52052.
2, 7, 11, 13
What are the prime factors of 30370?
2, 5, 3037
List the prime factors of 74591.
11, 6781
What are the prime factors of 89233?
17, 29, 181
List the prime factors of 95402.
2, 47701
List the prime factors of 27819.
3, 11, 281
List the prime factors of 875.
5, 7
What are the prime factors of 699?
3, 233
What are the prime factors of 34420?
2, 5, 1721
What are the prime factors of 123844?
2, 7, 4423
List the prime factors of 24188.
2, 6047
What are the prime factors of 15820?
2, 5, 7, 113
What are the prime factors of 113590?
2, 5, 37, 307
List the prime factors of 788.
2, 197
What are the prime factors of 368?
2, 23
List the prime factors of 6713.
7, 137
List the prime factors of 1109.
1109
List the prime factors of 1494.
2, 3, 83
What are the prime factors of 5764?
2, 11, 131
List the prime factors of 4723.
4723
What are the prime factors of 3031?
7, 433
What are the prime factors of 1465?
5, 293
What are the prime factors of 25704?
2, 3, 7, 17
List the prime factors of 12830.
2, 5, 1283
What are the prime factors of 2018?
2, 1009
What are the prime factors of 527?
17, 31
What are the prime factors of 12880?
2, 5, 7, 23
List the prime factors of 1451.
1451
What are the prime factors of 2175?
3, 5, 29
List the prime factors of 3829.
7, 547
List the prime factors of 30464.
2, 7, 17
What are the prime factors of 39925?
5, 1597
List the prime factors of 6423.
3, 2141
List the prime factors of 2128.
2, 7, 19
What are the prime factors of 2978?
2, 1489
What are the prime factors of 97551?
3, 3613
List the prime factors of 27185.
5, 5437
List the prime factors of 16763.
16763
List the prime factors of 2336.
2, 73
What are the prime factors of 14098?
2, 7, 19, 53
What are the prime factors of 11016?
2, 3, 17
What are the prime factors of 3113?
11, 283
What are the prime factors of 7982?
2, 13, 307
What are the prime factors of 2225?
5, 89
What are the prime factors of 591?
3, 197
What are the prime factors of 10795?
5, 17, 127
List the prime factors of 673.
673
List the prime factors of 62836.
2, 23, 683
What are the prime factors of 1059?
3, 353
List the prime factors of 891.
3, 11
List the prime factors of 22489.
43, 523
What are the prime factors of 11827?
11827
List the prime factors of 1938.
2, 3, 17, 19
What are the prime factors of 127502?
2, 37, 1723
What are the prime factors of 21490?
2, 5, 7, 307
List the prime factors of 1561.
7, 223
List the prime factors of 4912.
2, 307
What are the prime factors of 3494?
2, 1747
List the prime factors of 4407.
3, 13, 113
What are the prime factors of 358?
2, 179
List the prime factors of 28107.
3, 347
List the prime factors of 26290.
2, 5, 11, 239
What are the prime factors of 331?
331
What are the prime factors of 11360?
2, 5, 71
List the prime factors of 1877.
1877
What are the prime factors of 1407?
3, 7, 67
List the prime factors of 39798.
2, 3, 11, 67
List the prime factors of 1206.
2, 3, 67
What are the prime factors of 105096?
2, 3, 29, 151
What are the prime factors of 260?
2, 5, 13
What are the prime factors of 47331?
3, 1753
What are the prime factors of 121339?
71, 1709
List the prime factors of 2107.
7, 43
What are the prime factors of 589?
19, 31
List the prime factors of 1192.
2, 149
List the prime factors of 2024.
2, 11, 23
What are the prime factors of 52886?
2, 31, 853
List the prime factors of 462.
2, 3, 7, 11
What are the prime factors of 786?
2, 3, 131
List the prime factors of 6903.
3, 13, 59
List the prime factors of 43955.
5, 59, 149
List the prime factors of 1308.
2, 3, 109
List the prime factors of 3016.
2, 13, 29
List the prime factors of 7034.
2, 3517
What are the prime factors of 2428?
2, 607
What are the prime factors of 131061?
3, 7, 79
What are the prime factors of 10754?
2, 19, 283
List the prime factors of 2180.
2, 5, 109
List the prime factors of 47637.
3, 67, 79
What are the prime factors of 29282?
2, 11
List the prime factors of 1910.
2, 5, 191
List the prime factors of 242.
2, 11
List the prime factors of 19119.
3, 6373
List the prime factors of 14349.
3, 4783
What are the prime factors of 716?
2, 179
What are the prime factors of 1491?
3, 7, 71
List the prime factors of 7020.
2, 3, 5, 13
What are the prime factors of 2172?
2, 3, 181
What are the prime factors of 30725?
5, 1229
What are the prime factors of 903?
3, 7, 43
What are the prime factors of 5913?
3, 73
What are the prime factors of 11784?
2, 3, 491
List the prime factors of 41810.
2, 5, 37, 113
List the prime factors of 2126.
2, 1063
List the prime factors of 1521.
3, 13
What are the prime factors of 1964?
2, 491
What are the prime factors of 7689?
3, 11, 233
List the prime factors of 18670.
2, 5, 1867
List the prime factors of 4145.
5, 829
What are the prime factors of 28256?
2, 883
List the prime factors of 29.
29
List the prime factors of 75849.
3, 131, 193
What are the prime factors of 14610?
2, 3, 5, 487
List the prime factors of 15495.
3, 5, 1033
List the prime factors of 1019.
1019
List the prime factors of 4013.
4013
What are the prime factors of 3543?
3, 1181
What are the prime factors of 7136?
2, 223
What are the prime factors of 3610?
2, 5, 19
List the prime factors of 152261.
107, 1423
What are the prime factors of 2714?
2, 23, 59
List the prime factors of 35467.
29, 1223
List the prime factors of 1738.
2, 11, 79
What are the prime factors of 446?
2, 223
What are the prime factors of 4824?
2, 3, 67
List the prime factors of 140.
2, 5, 7
What are the prime factors of 24843?
3, 7, 13
What are the prime factors of 120272?
2, 7517
What are the prime factors of 1079?
13, 83
List the prime factors of 17844.
2, 3, 1487
What are the prime factors of 40743?
3, 503
List the prime factors of 2286.
2, 3, 127
What are the prime factors of 351?
3, 13
List the prime factors of 13317.
3, 23, 193
What are the prime factors of 68776?
2, 8597
List the prime factors of 8145.
3, 5, 181
What are the prime factors of 44824?
2, 13, 431
List the prime factors of 1323.
3, 7
What are the prime factors of 89272?
2, 11159
What are the prime factors of 1972?
2, 17, 29
What are the prime factors of 24745?
5, 7, 101
What are the prime factors of 30199?
13, 23, 101
What are the prime factors of 323?
17, 19
What are the prime factors of 20120?
2, 5, 503
List the prime factors of 26662.
2, 13331
What are the prime factors of 1627?
1627
List the prime